4*d - 42 = -4*q, 38 = q + 3*d. Suppose -14*m = -15*m + q. Calculate the remainder when m is divided by 0 + (-3)/(6/(-14)).
5
Let x = -188 + 327. Suppose 2*r - f = 96, 0 = 3*r - 0*f - 4*f - x. What is the remainder when r is divided by 17?
15
Let i(l) = 4*l**2 + l - 1. Let s be i(-2). Suppose -s + 1 = -2*d. What is the remainder when d is divided by 3?
0
Let y = -19 - 11. Calculate the remainder when 29 + 0/(2/(-2)) is divided by ((-10)/(-15))/((-2)/y).
9
Let j(u) = -u**3 + 5*u**2 + 6*u + 2. Let l = -8 + 12. Suppose -4*d + 28 - l = 0. What is the remainder when j(d) is divided by 2?
0
Suppose 8*g - 7*g = -3*w + 20, 5*g + 4*w - 67 = 0. Calculate the remainder when 53 is divided by g.
9
Let n = -13 - -56. Suppose -3*y - 14 = -l - 0*y, 53 = 5*l + 2*y. What is the remainder when n is divided by l?
10
Suppose -2*m + z + z + 264 = 0, -674 = -5*m - 2*z. Calculate the remainder when m is divided by 17.
15
Suppose -4*q = a - 23, 5 + 10 = -3*a. Let f = -1 - -2. What is the remainder when 1/(-1)*(-14 + f) is divided by q?
6
Let m be ((-7)/(-3))/(3/9). Let g = m - 5. Suppose -3*b - g*b + 50 = 5*q, 2*q = -3*b + 16. What is the remainder when q is divided by 8?
6
Let t = 5 - 1. What is the remainder when (-8)/6*57/(-2) is divided by ((-26)/(-4))/(2/t)?
12
Let t(a) = -2*a**3 + 7*a**2 + a + 6. Let z be t(-5). Suppose -5*w = w - z. Calculate the remainder when w is divided by 18.
17
Suppose 5 - 17 = -3*h. Suppose -2 + h = v. Suppose 54 = 2*a - 2*m - v*m, -3*a + m + 76 = 0. Calculate the remainder when a is divided by 13.
12
Suppose 4 = -4*s, -5*g + 3*s - 96 = -s. Let o(w) = 6*w**2 + 2*w. Let r be o(2). Let t = r + g. What is the remainder when 14 is divided by t?
6
Let p(f) = 3*f**2 + 4*f - 5. Suppose 1 = -3*r - 5. What is the remainder when p(-4) is divided by -14*(0 - r/(-4))?
6
Let y(o) = -o - 12 - 2*o + 22. Let x(l) = -4*l + 9. Let m(f) = -7*x(f) + 6*y(f). Calculate the remainder when 33 is divided by m(2).
16
Suppose 0 = 4*t - 0 - 24. What is the remainder when 16 is divided by t?
4
Let m = 36 + 6. What is the remainder when m is divided by 15?
12
Suppose 4*x - 363 = -5*m, 12*x - 510 = 7*x + 5*m. Calculate the remainder when x is divided by 25.
22
Suppose 14*z - 19*z + 20 = 0. Calculate the remainder when 10 is divided by z.
2
Let g be 1/(-3) + 230/(-30). What is the remainder when 25 is divided by (-50)/(-20)*g/(-2)?
5
Let s(q) be the first derivative of -q**4/4 + 5*q**3/3 + 3*q**2/2 - 5*q + 1. Let g = 7 + -2. Calculate the remainder when 29 is divided by s(g).
9
Let x(b) = b**3 + 9*b**2 + 16*b + 3. What is the remainder when 27 is divided by x(-6)?
12
Let n be 8/(-28) - (-200)/14. Let m = 20 - n. Calculate the remainder when m is divided by 4.
2
Let z = 5 + -1. Suppose g - 105 = -z*g. Let d(o) = 10*o**3 + 2*o**2 - 2*o + 1. Calculate the remainder when g is divided by d(1).
10
Suppose 3*o - 1128 = -5*o. Let t = o + -94. Calculate the remainder when t is divided by 12.
11
What is the remainder when (-3)/(3/(-20)) + 7/(-7) is divided by 4?
3
Let c(m) = -m**3 - m**2 + m + 26. Calculate the remainder when c(0) is divided by 15.
11
Let d = 12 + -7. Let u(t) = -6*t + 1. Calculate the remainder when u(-2) is divided by d.
3
Suppose 9 = n - 74. Suppose 0 = -2*v + 3*w - 7*w + 48, 4*v - w - 114 = 0. Calculate the remainder when n is divided by v.
27
Suppose 21 = -7*c + 98. Calculate the remainder when 17 is divided by c.
6
Let j be 22/66 + 1/(-3). Suppose -c + 15 + 14 = j. Calculate the remainder when c is divided by 15.
14
Let i = -17 - -28. What is the remainder when 43 is divided by i?
10
Let s be (0 - -1)/(2/10). Suppose 5*i + 4*c = 23, -14 = -s*i + 3*c - 5. Calculate the remainder when 7 is divided by i.
1
Suppose -4*g + 11 = k, -6*k + 6 = 3*g - 3*k. Suppose -3*o + o + 12 = 4*i, 0 = g*i - 5*o + 17. Calculate the remainder when (i*-1)/(2/(-28)) is divided by 8.
6
Let b(o) = o**2 - 9*o + 1. What is the remainder when 72 is divided by b(12)?
35
What is the remainder when (-2 - -81) + (1 - -3) is divided by 17?
15
Suppose 2*s + s = -4*y + 171, 0 = -3*y + 3*s + 102. Suppose 5*a = x + y + 22, 55 = 3*a + 4*x. Calculate the remainder when 36 is divided by a.
10
Let d(i) = 7*i + 3*i + 2 - 13 + 1 - i**2. Suppose 3*o + 4*b - 6*b - 39 = 0, -4*o - 3*b + 35 = 0. What is the remainder when o is divided by d(8)?
5
Let y(a) = 2*a. Suppose 3*k = 5*v + 14 - 1, 0 = k - 3*v - 3. What is the remainder when 47 is divided by y(k)?
11
Suppose -5*i = 4*o - 211, 0*o + 2*o - 98 = -4*i. Let j be (-34)/2*4/4. Let t = j + 37. What is the remainder when o is divided by t?
19
Let g(q) = 2*q**2 - 15*q - 17. Calculate the remainder when g(12) is divided by 31.
29
Let z be 2/(-11) - (-20)/110. Suppose 0 = -4*f + 16, -46 = -z*i - i + 4*f. What is the remainder when i is divided by 9?
8
Let b(s) = 4*s**2 - 1. Let y be b(1). Suppose n = -0 + y. Suppose -n*t = -h - 27, 3*t + 7*h - 9 = 2*h. What is the remainder when 31 is divided by t?
7
Calculate the remainder when 12 is divided by (-2)/6 + 128/24.
2
Let j = 39 - 35. Calculate the remainder when 14 is divided by j.
2
Suppose -k + 3 = -7. What is the remainder when ((-3)/6)/(1/(-38)) is divided by k?
9
Let y(t) = -2*t + 1 - 3*t + t + t**2. Calculate the remainder when (-1)/((11/36)/(-11)) is divided by y(6).
10
Suppose -j - j + 5*k = -65, 0 = -2*k - 2. Let u = j + -8. Suppose 3*r - 27 = -3*v, 2*r + 3*v - 6 = 9. Calculate the remainder when u is divided by r.
10
Let q = 2 - -12. Suppose 10*r + 3*h - 165 = 7*r, -h = 0. Calculate the remainder when r is divided by q.
13
Suppose 5*k - 5*s - 210 = 0, 1 = -k - 2*s + 28. Let b = k - 22. Calculate the remainder when 29 is divided by b.
14
Let v(b) = -24*b**3 + b**2 - 1. What is the remainder when 46 is divided by v(-1)?
22
What is the remainder when 124 is divided by 1/5 + (-69)/(-5)?
12
Suppose 16 = 4*f - 72. Suppose -3*p + 0*p = -36. What is the remainder when f is divided by p?
10
Let y(h) = -h**2 - 10*h - 12. Let z be y(-8). Suppose z*d - d = 0. Suppose -2 = -d*c - c. What is the remainder when c is divided by 2?
0
Suppose a - 22 = -0*a. Calculate the remainder when a is divided by 13.
9
Suppose 5*i - 10 = 5*y, -y - 2*y - 7 = -4*i. Let a be 0/(-2 + 1 + 0). Suppose 4*f = 8 - a. Calculate the remainder when f is divided by i.
0
Suppose 4*g + 2*u = 8 + 16, -2*g + 28 = -3*u. What is the remainder when 21 is divided by g?
5
Suppose 5*b = -3*v - 10, 3*b - 2*b + 2 = v. Let q be ((-4)/2)/(b/8). Let m(j) = 2*j - 10. Calculate the remainder when 10 is divided by m(q).
4
Let d be ((-3)/(-2) - 2)*-8. Suppose d = -7*z + 8*z. Calculate the remainder when 15 is divided by z.
3
Let a = -2 - -4. Let y = a + 7. What is the remainder when y is divided by 3?
0
Let l(a) = -a + 9. What is the remainder when 39 is divided by l(-12)?
18
Let s(b) = -b**2 + 25*b - 82. What is the remainder when s(12) is divided by 11?
8
Suppose 3*z - z = 2. Suppose -p + 36 = z. What is the remainder when p is divided by 18?
17
Suppose -6*c - 55 = -11*c. What is the remainder when 53 is divided by c?
9
Suppose 0 = -5*a + 8 + 7. Suppose -38 = -a*o - j, -3*o = -j + 4*j - 36. What is the remainder when 47 is divided by o?
8
Let q = -9 - -17. Let u = 16 - q. Calculate the remainder when u is divided by 3.
2
Suppose 0 = 5*v - 0*v - 25, -2*l - 3*v = -25. Calculate the remainder when 69 is divided by l.
4
Suppose -4*r + 22 + 34 = 0. Suppose -3*k = -4*m + 23, 3*m + 39 = 6*m + 5*k. What is the remainder when r is divided by m?
6
Let q(m) = -m**3 - 2*m**2 + 2*m. Let b(g) = g**2. Let j(y) = -3*b(y) - q(y). What is the remainder when 20 is divided by j(3)?
8
Suppose -5*z - 242 = 2*q, -6*q + q + 5*z - 570 = 0. Calculate the remainder when (1/(-2))/(2/q) is divided by 10.
9
Suppose -5*b - 3 = -8. Suppose 6*q = 2*q + 8. What is the remainder when q is divided by b?
0
Suppose 0 = 4*l - 4*v + 8, -3*l - 2*v = -1 - 3. Suppose a - 6 - 37 = l. Calculate the remainder when a is divided by (12 - -1 - -1) + 1.
13
Let p be (-5)/((-3 + 1)/2). Suppose 5*g + 60 = p*i, 5*i + 5*g - 2*g - 76 = 0. Calculate the remainder when 50 is divided by i.
8
Let c be -2 - (-2 - (11 - 1)). Let k be 18/(-4)*c/(-3). Suppose -4*z + 5*r = -k, 7*z - 4*z + 4*r = 19. What is the remainder when 18 is divided by z?
3
Suppose -5*s = 3*g + 12, 8*g - 3*g = 2*s - 20. Suppose -2*f + 64 = -s*f. Calc